ions digit of 5827344?
5
What is the tens digit of 891549?
4
What is the thousands digit of 10604711?
4
What is the thousands digit of 93450?
3
What is the millions digit of 12759808?
2
What is the hundred thousands digit of 889785?
8
What is the hundred thousands digit of 833770?
8
What is the ten thousands digit of 18115029?
1
What is the ten thousands digit of 6085446?
8
What is the ten thousands digit of 190413?
9
What is the hundred thousands digit of 245384?
2
What is the ten thousands digit of 37904?
3
What is the hundreds digit of 8028463?
4
What is the hundred thousands digit of 634801?
6
What is the hundred thousands digit of 149901?
1
What is the ten thousands digit of 6258429?
5
What is the units digit of 960121?
1
What is the tens digit of 720526?
2
What is the units digit of 7612764?
4
What is the tens digit of 75733?
3
What is the units digit of 276635?
5
What is the millions digit of 13116237?
3
What is the units digit of 6825585?
5
What is the thousands digit of 4166971?
6
What is the units digit of 6260387?
7
What is the thousands digit of 221392?
1
What is the hundreds digit of 55011?
0
What is the tens digit of 373336?
3
What is the units digit of 895598?
8
What is the ten thousands digit of 3348715?
4
What is the millions digit of 1315809?
1
What is the tens digit of 7453?
5
What is the units digit of 191333?
3
What is the hundreds digit of 1058652?
6
What is the hundreds digit of 2478178?
1
What is the hundred thousands digit of 834282?
8
What is the ten thousands digit of 223651?
2
What is the hundreds digit of 313549?
5
What is the ten thousands digit of 1500053?
0
What is the hundred thousands digit of 9672854?
6
What is the millions digit of 4023807?
4
What is the millions digit of 3224277?
3
What is the hundred thousands digit of 1662182?
6
What is the hundreds digit of 818040?
0
What is the millions digit of 3188194?
3
What is the hundred thousands digit of 1827619?
8
What is the thousands digit of 7547955?
7
What is the hundreds digit of 1849762?
7
What is the tens digit of 973644?
4
What is the ten thousands digit of 1718602?
1
What is the units digit of 532508?
8
What is the tens digit of 920442?
4
What is the hundred thousands digit of 139121?
1
What is the hundred thousands digit of 381059?
3
What is the hundreds digit of 1907164?
1
What is the ten thousands digit of 4626355?
2
What is the ten thousands digit of 224417?
2
What is the tens digit of 529501?
0
What is the thousands digit of 340538?
0
What is the ten thousands digit of 264159?
6
What is the hundreds digit of 1607445?
4
What is the thousands digit of 151307?
1
What is the tens digit of 3676679?
7
What is the units digit of 416314?
4
What is the hundred thousands digit of 7991730?
9
What is the thousands digit of 231716?
1
What is the units digit of 29717?
7
What is the thousands digit of 72108?
2
What is the millions digit of 2540879?
2
What is the hundred thousands digit of 31205617?
2
What is the hundreds digit of 174219?
2
What is the tens digit of 268384?
8
What is the units digit of 806232?
2
What is the hundred thousands digit of 160082?
1
What is the tens digit of 384898?
9
What is the tens digit of 348709?
0
What is the thousands digit of 8216401?
6
What is the ten thousands digit of 2307588?
0
What is the hundreds digit of 17946550?
5
What is the millions digit of 17182808?
7
What is the thousands digit of 797525?
7
What is the tens digit of 1406778?
7
What is the ten thousands digit of 22626374?
2
What is the thousands digit of 28347?
8
What is the millions digit of 2666284?
2
What is the units digit of 119149?
9
What is the tens digit of 50005?
0
What is the thousands digit of 584751?
4
What is the millions digit of 5051488?
5
What is the tens digit of 464434?
3
What is the thousands digit of 308404?
8
What is the ten thousands digit of 2031445?
3
What is the thousands digit of 68413?
8
What is the hundreds digit of 521656?
6
What is the hundreds digit of 3422187?
1
What is the ten thousands digit of 5043387?
4
What is the ten millions digit of 10960694?
1
What is the units digit of 1325554?
4
What is the tens digit of 338280?
8
What is the ten thousands digit of 4845446?
4
What is the units digit of 479455?
5
What is the ten millions digit of 30203171?
3
What is the ten thousands digit of 2528350?
2
What is the units digit of 425610?
0
What is the tens digit of 133815?
1
What is the thousands digit of 75463?
5
What is the hundred thousands digit of 354878?
3
What is the thousands digit of 149473?
9
What is the units digit of 239191?
1
What is the tens digit of 1670397?
9
What is the units digit of 2378340?
0
What is the units digit of 1712437?
7
What is the ten thousands digit of 3560107?
6
What is the hundred thousands digit of 413743?
4
What is the thousands digit of 159512?
9
What is the hundreds digit of 2494692?
6
What is the tens digit of 1121204?
0
What is the hundred thousands digit of 4719954?
7
What is the millions digit of 2554093?
2
What is the thousands digit of 2350546?
0
What is the units digit of 425040?
0
What is the thousands digit of 2311292?
1
What is the thousands digit of 351306?
1
What is the thousands digit of 50819?
0
What is the tens digit of 934024?
2
What is the ten thousands digit of 4316641?
1
What is the ten thousands digit of 4088610?
8
What is the thousands digit of 360668?
0
What is the hundreds digit of 2087465?
4
What is the hundreds digit of 6284267?
2
What is the hundred thousands digit of 4345397?
3
What is the tens digit of 1550270?
7
What is the hundreds digit of 141560?
5
What is the units digit of 334048?
8
What is the ten millions digit of 10090416?
1
What is the ten thousands digit of 750796?
5
What is the ten millions digit of 13027244?
1
What is the millions digit of 3198130?
3
What is the millions digit of 9043344?
9
What is the units digit of 172779?
9
What is the hundred thousands digit of 7515607?
5
What is the units digit of 23439?
9
What is the tens digit of 1872688?
8
What is the hundreds digit of 165509?
5
What is the tens digit of 13970583?
8
What is the millions digit of 2534056?
2
What is the hundred thousands digit of 2610390?
6
What is the tens digit of 1719572?
7
What is the thousands digit of 2874237?
4
What is the thousands digit of 1120216?
0
What is the ten thousands digit of 106937?
0
What is the hundreds digit of 174047?
0
What is the tens digit of 14723396?
9
What is the ten thousands digit of 184484?
8
What is the tens digit of 929167?
6
What is the units digit of 3275728?
8
What is the hundreds digit of 6316822?
8
What is the hundred thousands digit of 2161047?
1
What is the thousands digit of 31682196?
2
What is the tens digit of 446592?
9
What is the ten thousands digit of 112625?
1
What is the tens digit of 224343?
4
What is the units digit of 310544?
4
What is the hundred thousands digit of 1744923?
7
What is the millions digit of 1121900?
1
What is the ten thousands digit of 8301040?
0
What is the ten thousands digit of 3061446?
6
What is the hundreds digit of 535462?
4
What is the tens digit of 34025008?
0
What is the thousands digit of 324601?
4
What is the tens digit of 33465613?
1
What is the hundreds digit of 56057?
0
What is the tens digit of 203664?
6
What is the hundreds digit of 6666176?
1
What is the tens digit of 39118?
1
What is the thousands digit of 556766?
6
What is the hundred thousands digit of 863664?
8
What is the millions digit of 1453450?
1
What is the thousands digit of 82188?
2
What is the millions digit of 6333719?
6
What is the units digit of 154816?
6
What is the thousands digit of 6163375?
3
What is the ten thousands digit of 1207382?
0
What is the hundred thousands digit of 456395?
4
What is the hundred thousands digit of 749442?
7
What is the units digit of 2400255?
5
What is the tens digit of 393464?
6
What is the hundred thousands digit of 406765?
4
What is the tens digit of 3606427?
2
What is the ten thousands digit of 269740?
6
What is the tens digit of 1216717?
1
What is the millions digit of 8169839?
8
What is the units digit of 54110?
0
What is the hundreds digit of 575554?
5
What is the hundred thousands digit of 27418552?
4
What is the ten thousands digit of 367193?
6
What is the millions digit of 3623600?
3
What is the h